 + i. What is the units digit of k?
5
Let q(u) = -u**3 - 6*u**2 + 5*u - 8. What is the units digit of q(-7)?
6
Let k(p) = 2 - p**2 + 2*p**2 - 2. What is the units digit of k(-1)?
1
What is the units digit of (130/(-4))/((-4)/8)?
5
Suppose 2*p = 44 - 4. Let c(f) = 15*f + 1. Let h be c(1). Suppose 4*d - p = h. What is the units digit of d?
9
Let b(j) = j**3 - 4*j**2 + 5. Suppose 0 = 3*z - 11 - 1. Suppose -2*c + z = -c. What is the units digit of b(c)?
5
Let u be 1 - (-1 + 4 + -3). Let h = u + 7. What is the tens digit of h/(-10)*135/(-6)?
1
Let l(q) = -q**3 - 4*q**2 - q - 4. Let k be l(-4). Let p(a) = 3*a + k - a - 1. What is the units digit of p(1)?
1
Suppose 0*d = -2*d + 62. What is the units digit of d?
1
Let i(p) = 2*p - 4. Let v be i(5). Suppose -2*j - 4*r + v = 0, -j + r = -5 + 2. Suppose 3*a + 57 = 5*l, -j*l + 11 = -2*l - a. What is the tens digit of l?
1
Suppose -2*t + 6*o = 3*o - 93, -4*o - 94 = -2*t. Let z = t - 7. What is the units digit of z?
8
Suppose -121 = -w - w - 3*q, -4*w - 2*q + 222 = 0. Suppose -2*r = 9 - w. What is the units digit of r?
2
Suppose -93 = -5*v + 162. What is the tens digit of v?
5
Let a be (6/(-4))/(3/(-8)). Let w(b) = b - 1. Let h be w(a). Suppose -4*j = -h*j - 9. What is the units digit of j?
9
Let f = 7 - 5. Suppose 4*y + f = 22. Suppose -y*p + 24 = -2*p. What is the units digit of p?
8
Suppose 5*c + 38 = 4*p, 4*p + 3 = c + 17. Let k = c + 7. What is the units digit of 0/2 + (k - -3)?
4
Suppose -2*i = 2*i - 16. Suppose -i*f + 6 = -7*f. What is the tens digit of 10*(-1 - f - 0)?
1
Let y(s) = s**3 - s**2. Let x be y(3). Suppose x - 2 = 2*w. What is the units digit of w?
8
Suppose d = -0*d + a + 74, -5*d - 3*a = -346. What is the tens digit of d?
7
Let m = -21 - -27. What is the units digit of m?
6
Let t(b) = 7*b - 12. What is the units digit of t(6)?
0
Let t(x) = -x**3 + 5*x**2 + 6*x - 4. Let d be t(6). Let w = -7 - d. Let l = w + 13. What is the units digit of l?
0
Suppose -168 = -5*p - 2*p. What is the tens digit of p?
2
Suppose 0 = 5*m - 10*m - 2*v, m + 4*v + 18 = 0. Suppose 30 = m*u + 3*u. What is the units digit of u?
6
Suppose 0 = 3*f - 6 - 72. What is the tens digit of f?
2
Let l(r) = -r**2 - r + 2. Let a be l(-4). Let t(j) = -j**2 - 12*j - 3. What is the tens digit of t(a)?
1
Suppose -6*m + 7*m = 67. What is the units digit of m?
7
What is the tens digit of 188/(-8)*(2 - 4)?
4
Let s = 69 + -20. What is the tens digit of s?
4
Suppose -3*w + 215 = c, 3*c = -c + 20. What is the units digit of w?
0
What is the tens digit of -2*(-20)/(-8)*(-50)/2?
2
Let z be 43/(-9) + 6/(-27). What is the tens digit of ((-46)/z)/(2/5)?
2
Suppose -3*u = -158 + 32. Suppose -7*y + 10*y - u = 0. What is the units digit of y?
4
Let g = 338 + -137. What is the units digit of g?
1
Let z(t) = 0*t**2 - 6*t - 3*t**2 - t**2 + 4*t**3 - 3*t**3 + 7. Let q be z(5). Suppose -3*k = q*k - 10. What is the units digit of k?
2
Suppose -2*o - 2*o - 2*x - 24 = 0, 3*x = 2*o + 20. Let k = 14 - -8. Let t = o + k. What is the tens digit of t?
1
What is the hundreds digit of (-8)/52 - (-1328)/13?
1
Let z = -1 + -5. Suppose -j = 2*l + 2*l + 52, -3*l = j + 38. What is the units digit of l*(-2 - 9/z)?
7
Let q(y) = -y**2 - 8*y + 13. Let t(a) = -3*a**2 - 24*a + 38. Let w(c) = -8*q(c) + 3*t(c). Let x = -3 - 5. What is the tens digit of w(x)?
1
Let h(u) = 2*u**3 + 2*u**2 - u. Let a be h(1). Let l = 3 + a. What is the units digit of l?
6
Suppose -c + 4*c + 4*d = 1110, 1484 = 4*c + 4*d. What is the tens digit of c?
7
Let m(q) be the second derivative of -q**4/12 - 7*q**3/6 - 2*q**2 - q. Suppose -3*l + 0*d - 5*d = 40, 0 = -3*l + 2*d - 5. What is the units digit of m(l)?
6
Let a be 0 + 1 - 0/(-1). Let r(d) = d**2 - 10*d - 21. Let u be r(12). Let t = a + u. What is the units digit of t?
4
Suppose a + 2 = -0*a. Let g = 7 + a. Suppose 0 = g*i - 13 - 37. What is the units digit of i?
0
Let c = 47 + -33. Suppose -h = -0*h - c. What is the tens digit of h?
1
Suppose -5*l = -0*l. Suppose l = -0*u + 5*u. What is the units digit of (-10 + u)*1/(-2)?
5
What is the tens digit of 626/3 + 6/(-9) + 0?
0
Suppose -r = 2*r - 5*w - 21, 5*r - 22 = 4*w. Let i be 27/2*(r + -4). Let u = -14 - i. What is the units digit of u?
3
Suppose -10 = 2*m, -b + 16 = 5*m + 37. Suppose 32 = -3*s - b. Let o = s - -24. What is the units digit of o?
2
Suppose -a - 5*k + 41 + 19 = 0, 4*a - 152 = 2*k. What is the tens digit of a?
4
Let n = -3 - -5. What is the units digit of (72/(-42))/(n/(-14))?
2
Suppose -8 = 5*h - 228. Suppose 2*s = 6*s - h. What is the units digit of s?
1
Let a(k) = k**2 - k - 1. Let m be 15/(-6)*(-3 + 1). What is the tens digit of a(m)?
1
Let o = 42 + -16. What is the units digit of o?
6
Let m be 0/((-4)/6*-3). Suppose 0 = -2*y - m*y + 6. What is the units digit of y?
3
Suppose -3*u + 60 = -u. What is the units digit of u?
0
Suppose j - 18 + 5 = 0. What is the units digit of j?
3
Suppose -7*j + 1071 = -1414. What is the units digit of j?
5
Let d = -3 - -5. Suppose d*m + 38 = 4*m. What is the units digit of m?
9
Let f be ((-6)/4)/3*18. What is the units digit of (-4)/(-18) + (-7)/f?
1
Let f = 8 - 6. Suppose -f*c + c = -11. What is the tens digit of c?
1
Suppose -4*i + 42 = -7*i. What is the units digit of 10/(-35) + (-200)/i?
4
Let q(r) = r**3 - 11*r**2 - r + 14. Let w be q(11). Let x(a) = -a**3 + 3*a**2 + 4*a - 4. What is the units digit of x(w)?
8
Suppose -9*y = -6*y - 2*b - 140, b + 95 = 2*y. What is the tens digit of y?
5
Suppose -5*p = -g - 19, -4*g + 2*p - 22 = -0*p. Let x be g/(-6) + 2/6. Let j = x - -5. What is the units digit of j?
6
Let g = 17 - 1. What is the tens digit of g?
1
Let v = -34 - -47. What is the tens digit of v?
1
Let y(w) = 3*w - 2. Let r = 11 - 7. Suppose r*l = 8 + 4. What is the units digit of y(l)?
7
Suppose 4*n - 4*u + 80 = -0*n, 4*n + 2*u + 92 = 0. Let m = -11 - n. What is the tens digit of m?
1
Let s(a) be the second derivative of 0 - 1/2*a**2 - 1/12*a**4 + a**3 + 3*a. What is the units digit of s(5)?
4
Let h(b) = 28*b**2 + 1. Suppose -4*p + 3*c + 8 = 0, -2*c - 7 = -0*p - p. What is the tens digit of h(p)?
2
Suppose -5*h - 20 = 0, 2*v - 2*h = 6*v. Let r be (3/v)/((-9)/24). What is the units digit of 2/4 - 54/r?
4
Let w be 17/5 + (-8)/20. Suppose 3*m + 15 = 5*v - 6, 3*v - 9 = w*m. What is the units digit of v?
6
Let z = 69 + 35. Suppose 64 = 3*s - z. Suppose 3*m - s = -m. What is the tens digit of m?
1
Suppose y + 4*r = 64, 0 = 4*y + r + r - 312. Suppose -5*h + 28 = -2*d + y, -95 = -3*d - h. What is the tens digit of d?
3
Let r = 8 - 5. Let m be 4*(-4 - 18/(-4)). Suppose -m*a - 7 = -5*b, -a = r*b + 2*a. What is the units digit of b?
1
Suppose -12 - 3 = -2*f + 5*h, 5*h - 75 = -4*f. Suppose -f = -6*j + j. Let s = j - -11. What is the units digit of s?
4
What is the units digit of (-82)/(-3) + (-16)/(-24)?
8
Let z = -234 + 357. What is the hundreds digit of z?
1
Let c(m) = m + 5. Suppose -g - g = 0. Suppose -2*j + 4 = u, g*u + 2*j - 12 = u. What is the units digit of c(u)?
1
What is the units digit of (2 + -3)*-59 + -2 - -1?
8
What is the tens digit of -3*50/(-3 + 2)?
5
Let b(q) = q**3 + 4*q**2 + 4. Let s be b(-4). Suppose 0 = -s*l - 5*k + 75, 5*k + 18 = 2*l + k. What is the tens digit of l/(2/6*3)?
1
Suppose 4*f - 8 = -0*f. Suppose 6 = -2*k - 4*y, k = -3*k + 5*y + 14. What is the units digit of 6/(f/k) + -1?
2
Suppose 0 = -0*v - 5*v + 85. What is the tens digit of (v/(-2))/((-13)/26)?
1
Suppose 0 = -4*z - 3*z + 2548. What is the hundreds digit of z?
3
Let t(k) = 4*k + 4. Let s(y) = -1. Let x(z) = 5*s(z) - t(z). What is the units digit of x(-6)?
5
Let n = -1 - -9. Suppose 0 = -4*j + 28 - n. Suppose -j*v + 6*v = 12. What is the units digit of v?
2
Let s(h) = h**3 - 6*h**2 + 8*h - 2. Let c be s(4). What is the units digit of (2/(-4))/(c/96)?
4
Suppose -41 = 4*s - 169. What is the units digit of s?
2
Suppose -553 = -3*a + 23. What is the units digit of a?
2
Let c = 6 - -6. Suppose 2*m = 5*b + 37, -27 + c = 3*b. What is the units digit of m?
6
Suppose -20 = -5*h + h. What is the units digit of h?
5
Let c(b) = 6*b**2 - 2*b - 8. What is the hundreds digit of c(5)?
1
Let w = 9 + -7. Suppose 0 = 2*t - 4 - 4. Suppose t = w*x - 4. What is the units digit of x?
4
Let m(x) = -x + 3. Let f be m(6). Let y be (-1 + 18)/(f + 4). Let q = 32 - y. What is the tens dig